{"id":2,"date":"2014-08-08T14:29:22","date_gmt":"2014-08-08T12:29:22","guid":{"rendered":"http:\/\/artisansdumonde-saintnazaire.org\/?page_id=2"},"modified":"2019-05-22T09:37:22","modified_gmt":"2019-05-22T07:37:22","slug":"accueil","status":"publish","type":"page","link":"https:\/\/artisansdumonde-saintnazaire.org\/?page_id=2","title":{"rendered":"AdM St-Nazaire"},"content":{"rendered":"<h3><span style=\"color: #800000;\"><strong>Artisans du Monde Saint-Nazaire<\/strong> <\/span><\/h3>\n<h6>est une association, membre de la <a href=\"http:\/\/www.artisansdumonde.org\/\" target=\"_blank\" rel=\"noopener noreferrer\">F\u00e9d\u00e9ration Artisans du Monde<\/a>, dont les buts sont :<\/h6>\n<table style=\"height: 495px;\" border=\"0\" width=\"540\" cellspacing=\"0\" cellpadding=\"0\">\n<tbody>\n<tr>\n<td>\n<ul style=\"text-align: justify;\">\n<li>\n<h6 style=\"text-align: left;\"><strong><span style=\"color: #800000;\">Le plaidoyer<\/span> <\/strong>pour plus d\u2019\u00e9quit\u00e9 dans les r\u00e8gles du Commerce International.<\/h6>\n<\/li>\n<\/ul>\n<\/td>\n<td style=\"text-align: center;\"><img loading=\"lazy\" decoding=\"async\" class=\"alignnone wp-image-64\" src=\"https:\/\/artisansdumonde-saintnazaire.org\/wp-content\/uploads\/plaidoyer.png\" alt=\"plaidoyer\" width=\"150\" height=\"150\" srcset=\"https:\/\/artisansdumonde-saintnazaire.org\/wp-content\/uploads\/plaidoyer.png 180w, https:\/\/artisansdumonde-saintnazaire.org\/wp-content\/uploads\/plaidoyer-150x150.png 150w\" sizes=\"auto, (max-width: 150px) 100vw, 150px\" \/><\/td>\n<\/tr>\n<tr>\n<td style=\"text-align: center;\">\u00a0<img loading=\"lazy\" decoding=\"async\" class=\"alignnone wp-image-66\" src=\"https:\/\/artisansdumonde-saintnazaire.org\/wp-content\/uploads\/education-300x199.jpg\" alt=\"education\" width=\"200\" height=\"132\" \/><\/td>\n<td>\n<ul>\n<li>\n<h6><strong><span style=\"color: #800000;\">L\u2019\u00e9ducation<\/span><\/strong> au Commerce \u00c9quitable.<\/h6>\n<\/li>\n<\/ul>\n<\/td>\n<\/tr>\n<tr>\n<td>\n<ul style=\"text-align: justify;\">\n<li>\n<h6><span style=\"color: #800000;\"><strong>La vente<\/strong> <\/span>de produits issus du commerce \u00e9quitable et solidaire.<\/h6>\n<\/li>\n<\/ul>\n<\/td>\n<td style=\"text-align: center;\"><img loading=\"lazy\" decoding=\"async\" class=\"alignnone size-medium wp-image-805\" src=\"https:\/\/artisansdumonde-saintnazaire.org\/wp-content\/uploads\/vitrine-boutique-225x300.jpg\" alt=\"\" width=\"225\" height=\"300\" srcset=\"https:\/\/artisansdumonde-saintnazaire.org\/wp-content\/uploads\/vitrine-boutique-225x300.jpg 225w, https:\/\/artisansdumonde-saintnazaire.org\/wp-content\/uploads\/vitrine-boutique.jpg 720w\" sizes=\"auto, (max-width: 225px) 100vw, 225px\" \/><\/td>\n<\/tr>\n<\/tbody>\n<\/table>\n<h6 style=\"text-align: justify;\">Venez d\u00e9couvrir notre boutique au<br \/>\n<strong><span style=\"color: #800000;\">32 avenue de la R\u00e9publique \u00e0 Saint-Nazaire<\/span><br \/>\n<\/strong>o\u00f9 vous trouverez des produits, alimentaires et artisanaux, issus du Commerce \u00c9quitable de divers pays du Sud et des produits issus du Commerce Solidaire local.<\/h6>\n<table border=\"0\" width=\"480\" cellspacing=\"0\" cellpadding=\"0\">\n<tbody>\n<tr>\n<td style=\"text-align: center;\"><a title=\"Contact\" href=\"https:\/\/artisansdumonde-saintnazaire.org\/?page_id=28\">Nous contacter<\/a><\/td>\n<td style=\"text-align: center;\"><a title=\"Mentions l\u00e9gales\" href=\"https:\/\/artisansdumonde-saintnazaire.org\/?page_id=9\">Mentions l\u00e9gales<\/a><\/td>\n<\/tr>\n<\/tbody>\n<\/table>\n","protected":false},"excerpt":{"rendered":"<p>Artisans du Monde Saint-Nazaire est une association, membre de la F\u00e9d\u00e9ration Artisans du Monde, dont les buts sont : Le plaidoyer pour plus d\u2019\u00e9quit\u00e9 dans les r\u00e8gles du Commerce International. \u00a0 L\u2019\u00e9ducation au Commerce \u00c9quitable. La vente de produits issus du commerce \u00e9quitable et solidaire. Venez d\u00e9couvrir notre boutique au 32 avenue de la R\u00e9publique &hellip; <a href=\"https:\/\/artisansdumonde-saintnazaire.org\/?page_id=2\" class=\"more-link\">Continuer la lecture de <span class=\"screen-reader-text\">AdM St-Nazaire<\/span>  <span class=\"meta-nav\">&rarr;<\/span><\/a><\/p>\n","protected":false},"author":2,"featured_media":0,"parent":11,"menu_order":0,"comment_status":"closed","ping_status":"closed","template":"","meta":{"_crdt_document":"","_mo_disable_npp":"","footnotes":""},"class_list":["post-2","page","type-page","status-publish","hentry"],"_links":{"self":[{"href":"https:\/\/artisansdumonde-saintnazaire.org\/index.php?rest_route=\/wp\/v2\/pages\/2","targetHints":{"allow":["GET"]}}],"collection":[{"href":"https:\/\/artisansdumonde-saintnazaire.org\/index.php?rest_route=\/wp\/v2\/pages"}],"about":[{"href":"https:\/\/artisansdumonde-saintnazaire.org\/index.php?rest_route=\/wp\/v2\/types\/page"}],"author":[{"embeddable":true,"href":"https:\/\/artisansdumonde-saintnazaire.org\/index.php?rest_route=\/wp\/v2\/users\/2"}],"replies":[{"embeddable":true,"href":"https:\/\/artisansdumonde-saintnazaire.org\/index.php?rest_route=%2Fwp%2Fv2%2Fcomments&post=2"}],"version-history":[{"count":0,"href":"https:\/\/artisansdumonde-saintnazaire.org\/index.php?rest_route=\/wp\/v2\/pages\/2\/revisions"}],"up":[{"embeddable":true,"href":"https:\/\/artisansdumonde-saintnazaire.org\/index.php?rest_route=\/wp\/v2\/pages\/11"}],"wp:attachment":[{"href":"https:\/\/artisansdumonde-saintnazaire.org\/index.php?rest_route=%2Fwp%2Fv2%2Fmedia&parent=2"}],"curies":[{"name":"wp","href":"https:\/\/api.w.org\/{rel}","templated":true}]}}