{"id":11,"date":"2015-07-16T15:55:31","date_gmt":"2015-07-16T13:55:31","guid":{"rendered":"http:\/\/artisansdumonde-saintnazaire.org\/?page_id=11"},"modified":"2019-05-22T09:30:04","modified_gmt":"2019-05-22T07:30:04","slug":"qui-sommes-nous","status":"publish","type":"page","link":"https:\/\/artisansdumonde-saintnazaire.org\/?page_id=11","title":{"rendered":"Qui sommes-nous"},"content":{"rendered":"<p><span style=\"color: #800000;\"><strong>Artisans du monde<\/strong><\/span> est une association dont les buts sont<\/p>\n<ul>\n<li style=\"text-align: justify;\"><strong><span style=\"color: #800000;\">le plaidoyer pour plus d\u2019\u00e9quit\u00e9 dans les r\u00e8gles du Commerce International<\/span><\/strong><br \/>\nArtisans du Monde sensibilise et associe les citoyens \u00e0 travers des campagnes de pression en direction des d\u00e9cideurs \u00e9conomiques et politiques. Nous d\u00e9fendons des positions en faveur des droits \u00e9conomiques, sociaux, culturels et environnementaux.<\/li>\n<li style=\"text-align: justify;\"><span style=\"color: #800000;\"><strong>l\u2019\u00e9ducation au Commerce \u00c9quitable<\/strong><\/span><br \/>\nArtisans du Monde s\u2019inscrit dans une d\u00e9marche de formation citoyenne ouverte \u00e0 tous. Son objectif : la construction d&rsquo;un regard critique sur les dysfonctionnements du commerce international et d&rsquo;une citoyennet\u00e9 active.<\/li>\n<li style=\"text-align: justify;\"><span style=\"color: #800000;\"><strong>la vente de produits \u00e9quitables<\/strong><\/span><br \/>\nArtisans du Monde propose une offre globale de produits 100% \u00e9quitable :<br \/>\n&#8211; \u00e9picerie sucr\u00e9e et sal\u00e9e (caf\u00e9, chocolat, jus de fruits,\u2026),<br \/>\n&#8211; large choix de produits artisanaux (bijoux, d\u00e9coration\u2026),<br \/>\n&#8211; gammes de produits cosm\u00e9tiques.<\/li>\n<\/ul>\n<p style=\"text-align: center;\">La boutique se situe au <strong><span style=\"color: #800000;\">32 avenue de la R\u00e9publique \u00e0 Saint-Nazaire<\/span><\/strong><\/p>\n<p><iframe loading=\"lazy\" style=\"border: 0;\" src=\"https:\/\/www.google.com\/maps\/embed?pb=!1m18!1m12!1m3!1d3828.198660453871!2d-2.2125472016812617!3d47.27632511828575!2m3!1f0!2f0!3f0!3m2!1i1024!2i768!4f13.1!3m3!1m2!1s0x4805658c1ce47acb%3A0xcff591bc2f98f76a!2s32+Avenue+de+la+R%C3%A9publique%2C+44600+Saint-Nazaire!5e0!3m2!1sfr!2sfr!4v1542982994824\" width=\"600\" height=\"450\" frameborder=\"0\" allowfullscreen=\"allowfullscreen\"><\/iframe><br \/>\n<a href=\"https:\/\/maps.google.com\/maps?ll=47.27669,-2.212781&amp;z=16&amp;t=m&amp;hl=fr&amp;gl=FR&amp;mapclient=embed&amp;q=32%20Avenue%20de%20la%20R%C3%A9publique%2044600%20Saint-Nazaire\" target=\"_blank\" rel=\"noopener noreferrer\">Agrandir le plan<\/a><\/p>\n<p style=\"text-align: justify;\">\u00e0 proximit\u00e9 de la rue de la Paix, du parking des Martyrs (1\u00e8re heure gratuite) et du parking Ruban Bleu (gratuit). Acc\u00e8s par bus H\u00e9lyce (arr\u00eat \u00ab\u00a0Rue de la Paix\u00a0\u00bb) .<br \/>\n<span style=\"color: #800000;\"><strong>Horaires d\u2019ouverture<\/strong> :<\/span><br \/>\n<span style=\"color: #800000;\"> <strong>Du Mardi au Samedi de 10h00 \u00e0 12h30 et de 14h30 \u00e0 19h.<\/strong><\/span><\/p>\n<p style=\"text-align: justify;\">L&rsquo;association Artisans du Monde Saint-Nazaire est n\u00e9e en 2003.\u00a0\u00a0\u00a0 Elle fait partie, comme les 150 autres associations locales, de la F\u00e9d\u00e9ration Artisans du Monde, et vend essentiellement des produits de sa centrale d\u2019achat <span style=\"color: #800000;\"><strong>Solidar\u2019Monde<\/strong><\/span>, contr\u00f4l\u00e9e par la F\u00e9d\u00e9ration.<br \/>\nDevenez un consommateur-acteur en recherchant des produits responsables !<\/p>\n<p style=\"text-align: justify;\">N\u2019h\u00e9sitez pas \u00e0 nous contacter si vous souhaitez devenir b\u00e9n\u00e9vole, nous vous accueillerons dans notre boutique pour vous faire d\u00e9couvrir tout ce que cet engagement signifie.<\/p>\n<p><span style=\"text-decoration: underline;\">Pour nous contacter<\/span> :<br \/>\n<span style=\"color: #800000;\"><strong>T\u00e9l.<\/strong><\/span> 02 40 66 95 34<br \/>\n<strong><span style=\"color: #800000;\">Courriel :<\/span><\/strong> <strong>saint-nazaire@artisansdumonde.org<\/strong><\/p>\n<p>Retrouvez-nous sur <a href=\"https:\/\/www.facebook.com\/adm.stnazaire?ref=stream\" target=\"_blank\" rel=\"noopener noreferrer\">Facebook<\/a><\/p>\n","protected":false},"excerpt":{"rendered":"<p>Artisans du monde est une association dont les buts sont le plaidoyer pour plus d\u2019\u00e9quit\u00e9 dans les r\u00e8gles du Commerce International Artisans du Monde sensibilise et associe les citoyens \u00e0 travers des campagnes de pression en direction des d\u00e9cideurs \u00e9conomiques et politiques. Nous d\u00e9fendons des positions en faveur des droits \u00e9conomiques, sociaux, culturels et environnementaux. &hellip; <a href=\"https:\/\/artisansdumonde-saintnazaire.org\/?page_id=11\" class=\"more-link\">Continuer la lecture de <span class=\"screen-reader-text\">Qui sommes-nous<\/span>  <span class=\"meta-nav\">&rarr;<\/span><\/a><\/p>\n","protected":false},"author":2,"featured_media":0,"parent":0,"menu_order":0,"comment_status":"closed","ping_status":"closed","template":"","meta":{"_crdt_document":"","_mo_disable_npp":"","footnotes":""},"class_list":["post-11","page","type-page","status-publish","hentry"],"_links":{"self":[{"href":"https:\/\/artisansdumonde-saintnazaire.org\/index.php?rest_route=\/wp\/v2\/pages\/11","targetHints":{"allow":["GET"]}}],"collection":[{"href":"https:\/\/artisansdumonde-saintnazaire.org\/index.php?rest_route=\/wp\/v2\/pages"}],"about":[{"href":"https:\/\/artisansdumonde-saintnazaire.org\/index.php?rest_route=\/wp\/v2\/types\/page"}],"author":[{"embeddable":true,"href":"https:\/\/artisansdumonde-saintnazaire.org\/index.php?rest_route=\/wp\/v2\/users\/2"}],"replies":[{"embeddable":true,"href":"https:\/\/artisansdumonde-saintnazaire.org\/index.php?rest_route=%2Fwp%2Fv2%2Fcomments&post=11"}],"version-history":[{"count":0,"href":"https:\/\/artisansdumonde-saintnazaire.org\/index.php?rest_route=\/wp\/v2\/pages\/11\/revisions"}],"wp:attachment":[{"href":"https:\/\/artisansdumonde-saintnazaire.org\/index.php?rest_route=%2Fwp%2Fv2%2Fmedia&parent=11"}],"curies":[{"name":"wp","href":"https:\/\/api.w.org\/{rel}","templated":true}]}}